{"id":76,"date":"2026-01-04T00:00:25","date_gmt":"2026-01-04T00:00:25","guid":{"rendered":"https:\/\/guitareadomicilesoa.fr\/?page_id=76"},"modified":"2026-01-04T17:05:53","modified_gmt":"2026-01-04T17:05:53","slug":"mentions-legales","status":"publish","type":"page","link":"https:\/\/guitareadomicilesoa.fr\/index.php\/mentions-legales\/","title":{"rendered":"\u2696\ufe0f Mentions l\u00e9gales"},"content":{"rendered":"\n<p><strong>\u00c9diteur du site<\/strong><br>Nom : <em>ANDRIAMIHAJA M. Luca<\/em><br>Activit\u00e9 : Professeur de guitare \u00e0 domicile<br>Email : &#8211;<\/p>\n\n\n\n<p><strong>H\u00e9bergement<\/strong><br>H\u00e9bergeur : OVH<\/p>\n\n\n\n<p><strong>Propri\u00e9t\u00e9 intellectuelle<\/strong><br>L\u2019ensemble des contenus pr\u00e9sents sur ce site (textes, images, logos, \u00e9l\u00e9ments graphiques) est prot\u00e9g\u00e9 par le droit d\u2019auteur.<br>Toute reproduction, repr\u00e9sentation ou utilisation sans autorisation pr\u00e9alable est interdite. <br><br><strong>Remerciements &amp; cr\u00e9dits<br><\/strong>Certaines images et ressources visuelles pr\u00e9sentes sur ce site ne sont pas la propri\u00e9t\u00e9 de l\u2019\u00e9diteur du site et sont utilis\u00e9es conform\u00e9ment \u00e0 leurs licences respectives.<\/p>\n\n\n\n<p>Nous remercions notamment :<br> &#8211; Photo de <a href=\"https:\/\/unsplash.com\/fr\/@hansott?utm_source=unsplash&amp;utm_medium=referral&amp;utm_content=creditCopyText\">Hans Ott<\/a> sur <a href=\"https:\/\/unsplash.com\/fr\/photos\/une-guitare-assise-sur-une-chaise-devant-une-fenetre-hKoj2zbGXZc?utm_source=unsplash&amp;utm_medium=referral&amp;utm_content=creditCopyText\">Unsplash<\/a><br> &#8211; Photo de <a href=\"https:\/\/unsplash.com\/fr\/@chamooomile0?utm_source=unsplash&amp;utm_medium=referral&amp;utm_content=creditCopyText\">Roman Melnychuk<\/a> sur <a href=\"https:\/\/unsplash.com\/fr\/photos\/guitare-acoustique-marron-a-cote-de-green-plant-j5I80kLda3c?utm_source=unsplash&amp;utm_medium=referral&amp;utm_content=creditCopyText\">Unsplash<\/a><br> &#8211; Photo de <a href=\"https:\/\/unsplash.com\/fr\/@_sjx?utm_source=unsplash&amp;utm_medium=referral&amp;utm_content=creditCopyText\">Jude ADS<\/a> sur <a href=\"https:\/\/unsplash.com\/fr\/photos\/gros-plan-dune-guitare-allongee-dans-lherbe-z1yMLoAaRx4?utm_source=unsplash&amp;utm_medium=referral&amp;utm_content=creditCopyText\">Unsplash<\/a><br> &#8211; Photo de <a href=\"https:\/\/unsplash.com\/fr\/@alhaidari?utm_source=unsplash&amp;utm_medium=referral&amp;utm_content=creditCopyText\">Abdulrahman Alhaidari<\/a> sur <a href=\"https:\/\/unsplash.com\/fr\/photos\/microphone-a-condensateur-avec-filtre-anti-pop-svYHy7hvIt8?utm_source=unsplash&amp;utm_medium=referral&amp;utm_content=creditCopyText\">Unsplash<\/a><\/p>\n","protected":false},"excerpt":{"rendered":"<p>\u00c9diteur du siteNom : ANDRIAMIHAJA M. LucaActivit\u00e9 : Professeur de guitare \u00e0 domicileEmail : &#8211; H\u00e9bergementH\u00e9bergeur : OVH Propri\u00e9t\u00e9 intellectuelleL\u2019ensemble des contenus pr\u00e9sents sur ce site (textes, images, logos, \u00e9l\u00e9ments graphiques) est prot\u00e9g\u00e9 par le droit d\u2019auteur.Toute reproduction, repr\u00e9sentation ou utilisation sans autorisation pr\u00e9alable est interdite. Remerciements &amp; cr\u00e9ditsCertaines images et ressources visuelles pr\u00e9sentes sur [&hellip;]<\/p>\n","protected":false},"author":1,"featured_media":0,"parent":0,"menu_order":0,"comment_status":"closed","ping_status":"closed","template":"","meta":{"footnotes":""},"class_list":["post-76","page","type-page","status-publish","hentry"],"_links":{"self":[{"href":"https:\/\/guitareadomicilesoa.fr\/index.php\/wp-json\/wp\/v2\/pages\/76","targetHints":{"allow":["GET"]}}],"collection":[{"href":"https:\/\/guitareadomicilesoa.fr\/index.php\/wp-json\/wp\/v2\/pages"}],"about":[{"href":"https:\/\/guitareadomicilesoa.fr\/index.php\/wp-json\/wp\/v2\/types\/page"}],"author":[{"embeddable":true,"href":"https:\/\/guitareadomicilesoa.fr\/index.php\/wp-json\/wp\/v2\/users\/1"}],"replies":[{"embeddable":true,"href":"https:\/\/guitareadomicilesoa.fr\/index.php\/wp-json\/wp\/v2\/comments?post=76"}],"version-history":[{"count":4,"href":"https:\/\/guitareadomicilesoa.fr\/index.php\/wp-json\/wp\/v2\/pages\/76\/revisions"}],"predecessor-version":[{"id":83,"href":"https:\/\/guitareadomicilesoa.fr\/index.php\/wp-json\/wp\/v2\/pages\/76\/revisions\/83"}],"wp:attachment":[{"href":"https:\/\/guitareadomicilesoa.fr\/index.php\/wp-json\/wp\/v2\/media?parent=76"}],"curies":[{"name":"wp","href":"https:\/\/api.w.org\/{rel}","templated":true}]}}